pose 4*s + 2*c = w, -s + 27 = c + c. Is 9 a factor of s?
True
Let x(k) = 2*k**3 + 8*k**2 - 9*k + 30. Does 49 divide x(7)?
False
Suppose -2*j + 488 = 5*n, 2*j = -2*n + 428 + 66. Does 3 divide j?
True
Let d be ((-1651)/26)/((-1)/2). Suppose -5*x - 137 = -4*a, -8*a + 4*a = 5*x - d. Is 11 a factor of a?
True
Suppose -376 - 2809 = -7*n. Is 7 a factor of n?
True
Does 48 divide (-54580)/(-80) + (-1)/4?
False
Let h = -67 + 51. Suppose -3*w = 2*g + g - 81, -3*g - w = -73. Let x = g + h. Does 3 divide x?
False
Suppose -58*w = -54*w - k - 1845, 2316 = 5*w + 2*k. Does 22 divide w?
True
Let k(c) be the third derivative of c**5/30 + 3*c**4/8 + 4*c**3/3 - 10*c**2. Let r be k(9). Suppose -s - u = 2*s - 192, 4*s - r = -3*u. Is s a multiple of 27?
False
Let u be 88*1*4/8. Let c be (-2)/5 - (-204)/10. Let y = u - c. Does 8 divide y?
True
Let u(j) = -j**2 + 2*j + 11. Let m be u(0). Let c be 19*5 + (m - 13). Let x = c - 41. Is 13 a factor of x?
True
Suppose -458*c = -441*c - 4420. Is c a multiple of 52?
True
Let n(o) = 11*o**2 - o + 1. Suppose 2*h - 5*r - 10 = 0, -3*r - 2 = 5*h + 4. Suppose h*v - 2*v + 2 = 0. Does 11 divide n(v)?
True
Suppose -8*k + 988 = -1124. Is 6 a factor of k?
True
Let o(v) = v**2 - 10. Let t be o(-5). Suppose -k + 0 = -t. Is k even?
False
Let t be (4/2)/((-4)/10). Let x(h) = -h**2 - 6*h + 2. Let j be x(t). Suppose j = k - 15. Is 12 a factor of k?
False
Suppose 2*n = 6*n + 76. Is 19 + n + 1*69 a multiple of 4?
False
Let r(h) = h**2 - h. Let g be -15*(-2)/(3*-2). Let w(o) = -7*o**2 + 3*o - 8. Let m(b) = g*r(b) - w(b). Does 16 divide m(4)?
True
Suppose -3*f + 110 = 5*k + 2*f, 5*k + 2*f = 110. Let x = 27 - k. Suppose x*v - 2*c + c - 327 = 0, 4*v = -2*c + 270. Is 9 a factor of v?
False
Let u(a) = -4*a - 3. Let h be u(-5). Suppose 0*i + 5*i - h = 3*r, -5*i + 4*r = -21. Suppose 3*b = -5*y + 66, 3*b - 67 = 3*y - i. Is b a multiple of 7?
False
Let c(b) = -b**2 + 6*b - 8. Let n be c(5). Let r be 2/(8/68)*n. Let a = -23 - r. Is a a multiple of 14?
True
Let m(v) = -4*v**3 - 12*v**2 - 2*v. Let q(i) = 11*i**3 + 37*i**2 + 6*i. Let y(o) = -8*m(o) - 3*q(o). Is 5 a factor of y(-15)?
True
Let j be 5 + (-2 + 0 - -1). Suppose h = 3*h + v - 161, -j*v = -4*h + 316. Suppose -n + 6*n = h. Is n a multiple of 8?
True
Let z(c) = -3*c + 3. Let d = 19 - 16. Suppose d*y + k = -8, -4*y - 20 = y + 5*k. Is 7 a factor of z(y)?
False
Let a(d) = -5*d**2 + 9*d + 13. Let l be a(-6). Let g = l + 391. Does 34 divide g?
True
Let y be 57*(-1)/(-9) + 2/(-6). Suppose 0 = 2*f + 4 + y, -734 = -4*k + 2*f. Does 41 divide k?
False
Suppose 0 = 3*x - 5*j + j - 7, 22 = -2*x - 4*j. Suppose 2*f = 3*f. Does 6 divide f + x - (-42 + -1)?
False
Let t(n) = -49*n + 158. Is 15 a factor of t(-28)?
True
Let w be 4*5*1/20. Let v = 17 - w. Let l = 32 - v. Does 8 divide l?
True
Let p(i) = 555*i**2 + 2*i + 1. Does 10 divide p(-1)?
False
Suppose -18 + 2853 = 5*b. Is 19 a factor of b?
False
Suppose -j + 4*c + 2 = 7, -75 = -4*j - 3*c. Let i(m) = -14*m + j*m + 6 + 18 - m**2 - 8. Is 8 a factor of i(0)?
True
Let m(k) = k**2 + 7*k. Let j = 63 + -55. Does 20 divide m(j)?
True
Let r be -6*(4 - (-36)/(-8)). Suppose -r*g + 7 + 2 = v, -g = -4*v + 36. Is 6 a factor of v?
False
Let y(l) = l**3 + 27*l**2 + 58*l + 64. Is 25 a factor of y(-24)?
True
Let a be 1*213/9*3. Suppose 5*c + 4*v + 0*v - 230 = 0, -235 = -5*c - 3*v. Let j = a - c. Does 7 divide j?
True
Suppose j = -2*g + 189, -4*g = -4*j + 657 + 135. Does 7 divide j?
False
Let m(h) = 26*h - 8. Let p(o) = 13*o - 5. Let q(d) = -6*m(d) + 13*p(d). Is q(8) a multiple of 44?
False
Does 62 divide 10/(-4) - 2084/(-8)?
False
Suppose -7*b + 28 = -3*b. Suppose b*j - 8*j + 3 = 0. Suppose j*t - 57 = 18. Is 25 a factor of t?
True
Let j(z) = -2*z - 1. Let x be j(-3). Suppose 0*o - 3*l - 12 = -2*o, 3*o + x*l - 18 = 0. Does 9 divide (-4)/o + 166/6?
True
Let i(u) = -u**2 - 5*u - 3. Let x be i(-3). Suppose -5*o + y + 20 = 6*y, 4*o = -x*y + 15. Does 3 divide 0 + o + 10 + 1?
False
Suppose -3*v = -2*d + 1 - 2, -3*v - 3*d + 21 = 0. Suppose -4*n = -2*z - 52, 4*z - v = -3*n + 14. Let s = -6 + n. Is 5 a factor of s?
True
Let m(j) = -3*j + 1 + 2*j + 61*j**2 + 3*j. Let c(s) = -s**2 - 3*s + 17. Let y be c(-6). Does 30 divide m(y)?
True
Let q be (-5)/(-1)*(-2 - (-1 - 5)). Suppose 0*y - 54 = -2*y + s, -q = -y - 3*s. Is y a multiple of 6?
False
Let t = 669 + 22. Does 21 divide t?
False
Is (-24*7/98)/(3/(-231)) a multiple of 14?
False
Let r(d) = -2*d**3 + 25*d**2 - 4*d + 2. Does 57 divide r(7)?
True
Let y(m) = m**3 - 2*m**2 + m - 4. Let z be y(3). Let b(n) = 18*n + 21. Is b(z) a multiple of 17?
False
Let r = 33 - 26. Suppose r*i + 0*i = 595. Does 20 divide i?
False
Suppose -5*a = -65 - 50. Let w = 5 + a. Is 4 a factor of w?
True
Suppose -809 = -3*u + d - 0*d, 3*u - 799 = -d. Let t = -173 + u. Let i = t - 67. Does 14 divide i?
True
Suppose 0 = 5*n + 73 + 47. Let m be (-2)/(-3) + n/36. Suppose -3*w = -m*w - 36. Is 12 a factor of w?
True
Let u = 222 + 87. Is u a multiple of 18?
False
Let o(y) = y - 33. Let a be o(7). Let g = a - -41. Is g even?
False
Let w be (-10)/(-95) - 283/(-19). Suppose -97 = -7*d + w. Is d a multiple of 6?
False
Let r = -227 - -241. Is r a multiple of 14?
True
Is 18 a factor of 2/13 - (16 - 50208/156)?
True
Let d = -1665 - -3904. Does 38 divide d?
False
Let w(s) = s + 1. Let k(b) = b**2 - 4*b - 11. Let y(m) = -k(m) - 5*w(m). Let v be y(-3). Suppose v = -4*x - 15 + 167. Is 33 a factor of x?
False
Let b = 35 + 1135. Is 5 a factor of b?
True
Let h = 264 - 184. Is h a multiple of 5?
True
Let s(p) = -10*p**2 + 3*p - 7. Let o(h) = -10*h**2 + 2*h - 7. Let z(f) = -5*o(f) + 4*s(f). Is 27 a factor of z(3)?
False
Suppose -b = -2*u - 34, 5*b = -2*u + 4*u + 146. Let s = b + -24. Does 3 divide s?
False
Is 12 a factor of (-242)/(-4) - 32/64?
True
Suppose 2*v - a - 51 - 126 = 0, 0 = -5*v - 5*a + 405. Is 5 a factor of v?
False
Let y be (-7)/((-28)/8) + -2. Suppose y*f + 3*f - 9 = 0. Suppose -f*t + 5*p + 53 = 0, 4*t + 5*p - 94 - 35 = 0. Is 26 a factor of t?
True
Let r be ((-35)/4)/((-10)/80). Suppose -252 = 68*w - r*w. Does 6 divide w?
True
Let z = 16 + -20. Let u = 6 + z. Does 22 divide -3 + (u - 164/(-2))?
False
Let x = 52 + -27. Does 14 divide x?
False
Suppose -4*j - 4803 = -5*f + 1479, 2*j = -5*f + 6294. Does 17 divide f?
True
Let q(x) = -176*x**3 + 7*x**2 + 3*x - 5. Is q(-1) a multiple of 9?
False
Let j(h) = 15*h + 117. Let z(b) = 5*b + 39. Let a(g) = 2*j(g) - 7*z(g). Does 6 divide a(-10)?
False
Let l = 332 - 67. Suppose d - z - 76 = -5*z, -3*z + l = 4*d. Is d a multiple of 7?
False
Let i(y) = -y**3 + 6*y**2 + 8*y - 4. Let w be i(7). Let f = 4 - w. Does 13 divide (f/3)/((-2)/(-102))?
False
Let d(c) = 30*c**3 - 3*c**2 - 7*c + 6. Is d(5) a multiple of 37?
False
Suppose -5*w + 468 = -757. Let h = w + -146. Is 13 a factor of h?
False
Let t be (-6)/(-9) - (-20)/6. Suppose -4*w - 4*p + 336 = -0*p, 3*w - 287 = t*p. Is 47 a factor of w?
False
Let n(t) be the third derivative of 5*t**4/24 - 25*t**3/6 + 10*t**2. Is n(14) a multiple of 9?
True
Suppose 24 = o - 3*g + 2, 0 = -g + 2. Let y be 5 + (-52)/10 + 28/(-10). Let m = o + y. Is m a multiple of 10?
False
Suppose 0*z - 2*z - d = -217, -530 = -5*z - 5*d. Suppose -2*n - 234 = -2*c, -3*n = -c - 4*n + z. Is c a multiple of 41?
False
Suppose 0 = 9*b + 5*b - 4998. Is 13 a factor of b?
False
Suppose -3192 = -28*h - 0*h. Does 5 divide h?
False
Suppose 189 = 2*s - 5*p - 26, 2*s - 3*p = 221. Is 2 a factor of s?
False
Let s = -501 - -1010. Does 7 divide s?
False
Let q(v) = -2*v - 19. Let t(c) = c + 6. Let m(x) = 4*q(x) + 11*t(x). Let w be m(4). Let z(g) = 12*g**3 + 2*g**2 + g + 1. Is 14 a factor of z(w)?
False
Suppose 5*v + 589 = y, -21*v - 4 = -17*v. Does 27 divide y?
False
Let c(u) = -8*u**2 - u + 10*u - 5 + u**3 - 2. Let v be c(7). Let p = 24 + v. Does 7 divide p?
False
Suppose d = -h + 74, -3*h = -5 + 17. Suppose -d = -4*l + l. Is l a multiple of 9?
False
Does 10 divide (-400)/12*288/(-30)?
True
Does 33 divide (-1122)/(-119)*2*182/4?
True
Let b(y) = y**2 - 15*y + 14. Let p be b(14). Suppose -4*i - 43 + 131 = p. Let m = i - 4. Is m a multiple of 18?
True
Let g(p) = -3*p - 11. Let q be g(-5). Suppose 12 = c + q*h, -4*h = 2*c - 7 - 21. Is 4 a factor of c?
True
Suppose 4*w + 6*a = 3*a + 800, -776 = -4*w + 3*a. Let l = 333 - w. Is l a multiple of 11?
False
Let